8 = 2*a + 4*n - 36. Calculate the highest common divisor of 315 and a.
45
Suppose 4*p + p = 60. Calculate the greatest common divisor of 204 and p.
12
Let h be 3 + 0/3 - 4. Let c be (6/(-24))/(h/(-4)). Let a be c/(-2) - 15/(-10). Calculate the greatest common factor of 6 and a.
2
Suppose -2*d - 4*l + 84 = -5*l, 84 = 2*d - 5*l. Let z = d + -23. Suppose 9*i = 48 + 123. Calculate the greatest common divisor of i and z.
19
Let i be (5 + 19/(-2))*(-3 - 3). What is the highest common factor of 243 and i?
27
Suppose 20 = -304*t + 305*t. What is the highest common divisor of 160 and t?
20
Suppose 5*i - 3*l - 816 = 0, 11*l = 5*i + 7*l - 813. Calculate the highest common factor of i and 220.
55
Let k = -16 - -48. Suppose -4*q = -q - 192. Suppose f + q = 5*f. Calculate the greatest common divisor of k and f.
16
Let z(m) = -9*m + 1. Let n be z(-4). Suppose w + 4*c - 9 = 0, -3*w - c + n = c. Suppose 9*p - 25*p = -1872. Calculate the highest common divisor of w and p.
13
Let u be -3 + 5 - 4 - 3*-3. Suppose -j = -u + 2. Calculate the highest common factor of 2 and j.
1
Suppose 0 = 7*l + 5332 - 16672. Calculate the highest common divisor of l and 72.
36
Suppose -3004 - 1616 = -77*w. What is the highest common factor of 204 and w?
12
Let p be (-96)/15 - (-9)/(-15). Let i = p + 17. Suppose -3*g + i - 55 = -3*l, -4*g = 5*l - 39. Calculate the greatest common divisor of l and 99.
11
Let s be 42/(-30)*-1*5. Let q = 9 + s. Let a be (126/24)/(6/q). What is the highest common divisor of a and 35?
7
Suppose 0 = -3*j + j + 4*u - 44, -2*u = 2*j + 26. Let n = j + 19. Calculate the greatest common divisor of 33 and n.
3
Let m(s) = -s**3 + 12*s**2 - 5*s - 46. Let c be m(11). What is the highest common divisor of c and 580?
20
Suppose -1702 - 958 = -76*z. What is the highest common factor of z and 231?
7
Suppose 2170 = 40*w - 9*w. What is the greatest common factor of w and 126?
14
Let t be 9/(-2 + (-6)/(-2)). Suppose 4*v + t = -23. Let j be (-6)/v - 840/(-32). Calculate the greatest common factor of 243 and j.
27
Let h be (6/4 + 2106/(-12))*-1. Suppose 5*s + m - 79 - h = 0, -4*s - 5*m = -215. What is the highest common factor of s and 10?
10
Suppose 1612 = 28*w - 6508. Calculate the greatest common divisor of 10 and w.
10
Let p(o) = 2*o**3 + 7*o**2 - 2*o - 35. Let r be p(7). Calculate the highest common factor of 20 and r.
20
Let r = 12 - 16. Let k be (-178)/r - 7/(-14). What is the highest common divisor of k and 5?
5
Suppose -q + 4*t + 352 = 0, 5*q - 58*t - 1829 = -61*t. What is the highest common divisor of 78 and q?
26
Suppose 3*n - 126 = -4*n. Suppose 9*b - n - 9 = 0. Suppose -4*w - 5*p = -12 - 2, -3*w + 14 = 2*p. Calculate the greatest common factor of b and w.
3
Suppose 23 + 19 = n. Suppose -1092 = -16*l - 84. Calculate the highest common factor of n and l.
21
Let u be (4/3)/(3 - (-1295)/(-435)). What is the greatest common factor of 29 and u?
29
Suppose -4*c + o = -220 - 65, 2*c - 115 = -5*o. Calculate the highest common divisor of 50 and c.
10
Suppose -52*v + 61*v = 90. What is the greatest common divisor of v and 62?
2
Let v = 33 - 23. Let k(d) = -d - 37. Let z(l) = -2*l - 36. Let j(r) = 4*k(r) - 3*z(r). Let c be j(21). Calculate the greatest common divisor of v and c.
2
Let c = -25 + 30. Suppose -3*f - 6 + 0 = 0, c*z + 5*f - 150 = 0. Calculate the highest common divisor of z and 80.
16
Let s be (15/30)/((-3)/1854*-3). What is the greatest common factor of s and 309?
103
Suppose 0*v = 5*v - 20. Suppose 11*u - 10*u - 41 = -5*y, -5*u = y - 85. What is the greatest common divisor of v and u?
4
Suppose 5*g = -2 + 12. Let l(z) = -z**2 + 3*z - 2. Let y be l(g). Suppose y*v = 5*v - 5. What is the highest common divisor of v and 3?
1
Let z(p) = p**3 - 6*p**2 + 4*p + 11. Let o be z(5). Calculate the greatest common factor of o and 174.
6
Suppose 53*w - 56*w + 4557 = 0. Calculate the highest common factor of w and 49.
49
Let x(a) = -14 + 3*a + a + 4*a + 3. Let o be x(6). Calculate the highest common factor of 296 and o.
37
Let s be (-1)/(2/(-12)*3). Suppose 2*p = 6 + s. Suppose -2*o = 2*x - 26, p*o - 5*x = 22 + 57. What is the highest common divisor of 144 and o?
16
Let p(l) = 18*l**2 - 9*l - 56. Let i be p(-8). Calculate the highest common divisor of 16 and i.
16
Let g be 8/12*-3 + 3. Let o(r) = 49*r + 1. Let u be o(g). Suppose 43 = 3*v - u. Calculate the greatest common divisor of 341 and v.
31
Let s be (-3 + 2)*-3 - 0. Suppose n + 118 = s*n. Let q = -11 + n. What is the highest common factor of 6 and q?
6
Let i be 28/35*10/4. Suppose -575 = -5*w - i*r - 2*r, -3*r + 575 = 5*w. Let y = w - 43. What is the greatest common factor of y and 8?
8
Suppose 0 = 9*v - 43*v + 374. Suppose -3*c - 11 = 1. Let i(o) = -11*o. Let n be i(c). Calculate the greatest common factor of v and n.
11
Suppose 0 = 4*h + 4*m + 3352, -m - 2 = m. Let x = -585 - h. What is the greatest common factor of 12 and x?
12
Suppose -5*m + 3*r = -0*r - 465, 2*m - 155 = -5*r. Let v(a) = 7*a + 122. Let d be v(-16). What is the highest common divisor of d and m?
10
Let h(r) = -r**3 + 7*r**2 - 7*r + 9. Suppose -2*v + 3*v + 16 = 0. Let a = v + 22. Let g be h(a). What is the greatest common divisor of 3 and g?
3
Suppose 377 = a + 137. Calculate the greatest common divisor of a and 15.
15
Suppose -2*m - 1 = -4*v + 3*v, 0 = -4*v - 2*m + 34. Suppose -49 = -v*c - 0*c. What is the greatest common factor of 35 and c?
7
Let n be (-16)/(-56) - (-1 - (-117)/(-7)). Let s(b) = 2*b + 6. Let y be s(6). Calculate the greatest common factor of n and y.
18
Let g = -98 + 183. Let p = g + -67. Calculate the highest common divisor of p and 27.
9
Suppose 0 = -4*j + y + 896, 2*j - 7*y = -3*y + 448. Suppose -j = 2*k - 10*k. What is the greatest common divisor of 7 and k?
7
Let m = 32 + -31. Suppose -3 - m = j. Let g(q) = -2*q**3 + q**2 - 3*q - 9. Let h be g(j). Calculate the greatest common factor of 21 and h.
21
Let v(z) = -z**3 - 9*z**2 + 2*z + 6. Let t be v(-9). Suppose -6*n + 2*n + 128 = 0. Let a = t + n. Calculate the greatest common divisor of 10 and a.
10
Let z = 51 + -47. Let p be 14/(-7)*(-170)/z. Calculate the greatest common factor of 17 and p.
17
Let v = 72 - 40. Suppose 164 - v = m. What is the highest common divisor of m and 11?
11
Let l = 1334 + -1320. Suppose 4*v = 3*a - 37 - 333, 2*v = 4. What is the greatest common divisor of a and l?
14
Let t(w) = 82 + 9*w + 8*w - 42*w + 17*w. Let o be t(7). What is the highest common divisor of 182 and o?
26
Suppose 0 = 11*n - 15*n + 572. Suppose -4*g - 9*g + n = 0. Calculate the greatest common divisor of 11 and g.
11
Suppose -2*c - 2*r = 24 - 114, 2*r - 2 = 0. Calculate the highest common factor of c and 99.
11
Let s be -32*(2 + -7 - (-15)/10). What is the greatest common factor of 14 and s?
14
Suppose 2*z - 30 = 2*u, -4*u = -2*z - 5*u + 30. What is the greatest common divisor of 10 and z?
5
Suppose 33*v = 37*v - 88. Suppose 2*i = -2*i - 824. Let o = 382 + i. Calculate the greatest common factor of v and o.
22
Let h be (-3)/(-2)*(-44)/66. Let l(r) = 12*r**2 + 2*r + 2. Let z be l(h). Suppose i = -4*i + 480. What is the highest common factor of i and z?
12
Let k = 4 + 38. What is the greatest common divisor of 24 and k?
6
Let x(f) = 5*f - 52. Let m be x(17). What is the highest common divisor of 3 and m?
3
Suppose -2*m + 1 = -1. Let b be ((-36)/(-21))/(m/14). Calculate the highest common divisor of b and 60.
12
Let i be 79/(-7) - (-16)/56. Let b be (i/(-2) - 2)*2. Let q = 43 - 36. What is the highest common divisor of b and q?
7
Let u(a) = -a**2 + 10*a - 14. Let n be u(6). Calculate the greatest common factor of n and 90.
10
Let d = -39 - -62. Let a(r) = -4*r**3 - 7*r**2 - 7*r - 11. Let g be a(-4). What is the greatest common divisor of d and g?
23
Suppose 0 = -4*l - 5*m + 89, m - 28 = -l - 5. What is the greatest common factor of 3328 and l?
26
Suppose -4*r + 3*k = 11, -3*r - 3*k + 5*k = 7. What is the highest common divisor of 4 and r?
1
Suppose -40 = -l - 3*l. Suppose 18*u = 52 + 20. Calculate the greatest common divisor of l and u.
2
Let r = 103 - 74. Suppose -5*b = 41 + r. Let a(u) = -u - 10. Let o be a(b). What is the highest common divisor of 20 and o?
4
Suppose -6*g = 16*g - 704. Calculate the highest common factor of g and 144.
16
Let w(p) = -3*p**2 - 39*p - 4. Let o be w